{"id":1181,"date":"2018-05-08T19:29:36","date_gmt":"2018-05-08T19:29:36","guid":{"rendered":"https:\/\/fccf.unsa.edu.pe\/finanzas\/?page_id=1181"},"modified":"2023-09-25T12:50:14","modified_gmt":"2023-09-25T17:50:14","slug":"objetivos-academicos","status":"publish","type":"page","link":"https:\/\/fccf.unsa.edu.pe\/finanzas\/objetivos-academicos\/","title":{"rendered":"Objetivos Educacionales"},"content":{"rendered":"<ul>\n<li>Desarrollar investigaci\u00f3n que permita la obtenci\u00f3n de nuevos conocimientos en la profesi\u00f3n de licenciados en Finanzas para contribuir con el desarrollo de la sociedad.<\/li>\n<li>Fomentar el Emprendedurismo con Valores, \u00c9tica y Responsabilidad Social.<\/li>\n<li>Gestionar los recursos financieros, financiamiento e inversiones, evaluando los riesgos.<\/li>\n<li>Formular Proyectos de Inversi\u00f3n, evaluando las mejores alternativas de desarrollo econ\u00f3mico y social.<\/li>\n<li>Realizar Valorizaciones Empresariales y Gesti\u00f3n de Portafolios.<\/li>\n<\/ul>\n","protected":false},"excerpt":{"rendered":"<p>Desarrollar investigaci\u00f3n que permita la obtenci\u00f3n de nuevos conocimientos en la profesi\u00f3n de licenciados en Finanzas para contribuir con el desarrollo de la sociedad. Fomentar el Emprendedurismo con Valores, \u00c9tica y Responsabilidad Social. Gestionar los recursos financieros, financiamiento e inversiones, evaluando los riesgos. Formular Proyectos de Inversi\u00f3n, evaluando las mejores alternativas de desarrollo econ\u00f3mico y [&hellip;]<\/p>\n","protected":false},"author":1,"featured_media":1184,"parent":0,"menu_order":0,"comment_status":"closed","ping_status":"closed","template":"","meta":{"_acf_changed":false,"footnotes":""},"class_list":["post-1181","page","type-page","status-publish","has-post-thumbnail","hentry"],"acf":[],"_links":{"self":[{"href":"https:\/\/fccf.unsa.edu.pe\/finanzas\/wp-json\/wp\/v2\/pages\/1181","targetHints":{"allow":["GET"]}}],"collection":[{"href":"https:\/\/fccf.unsa.edu.pe\/finanzas\/wp-json\/wp\/v2\/pages"}],"about":[{"href":"https:\/\/fccf.unsa.edu.pe\/finanzas\/wp-json\/wp\/v2\/types\/page"}],"author":[{"embeddable":true,"href":"https:\/\/fccf.unsa.edu.pe\/finanzas\/wp-json\/wp\/v2\/users\/1"}],"replies":[{"embeddable":true,"href":"https:\/\/fccf.unsa.edu.pe\/finanzas\/wp-json\/wp\/v2\/comments?post=1181"}],"version-history":[{"count":5,"href":"https:\/\/fccf.unsa.edu.pe\/finanzas\/wp-json\/wp\/v2\/pages\/1181\/revisions"}],"predecessor-version":[{"id":1485,"href":"https:\/\/fccf.unsa.edu.pe\/finanzas\/wp-json\/wp\/v2\/pages\/1181\/revisions\/1485"}],"wp:featuredmedia":[{"embeddable":true,"href":"https:\/\/fccf.unsa.edu.pe\/finanzas\/wp-json\/wp\/v2\/media\/1184"}],"wp:attachment":[{"href":"https:\/\/fccf.unsa.edu.pe\/finanzas\/wp-json\/wp\/v2\/media?parent=1181"}],"curies":[{"name":"wp","href":"https:\/\/api.w.org\/{rel}","templated":true}]}}