{"id":1170,"date":"2018-05-08T18:00:16","date_gmt":"2018-05-08T18:00:16","guid":{"rendered":"https:\/\/fccf.unsa.edu.pe\/finanzas\/?page_id=1170"},"modified":"2025-01-14T12:14:04","modified_gmt":"2025-01-14T17:14:04","slug":"resena-historica","status":"publish","type":"page","link":"https:\/\/fccf.unsa.edu.pe\/finanzas\/resena-historica\/","title":{"rendered":"Rese\u00f1a Hist\u00f3rica"},"content":{"rendered":"<p>En sesi\u00f3n de Asamblea Universitaria de fecha 11 de enero del 2007, se acord\u00f3 aprobar la supresi\u00f3n de la Facultad de Ciencias Contables y Administrativas y en consecuencia se crean:<\/p>\n<ol type=\"a\">\n<li>FACULTAD DE CIENCIAS CONTABLES Y FINANCIERAS, la misma que est\u00e1 integrada por las Escuelas Profesionales:\n<ol>\n<li>Escuela Profesional de Contabilidad y<\/li>\n<li>Escuela Profesional de Finanzas y Auditoria;<\/li>\n<\/ol>\n<\/li>\n<li>FACULTAD DE ADMINISTRACI\u00d3N, constituida por las Escuelas Profesionales:\n<ol>\n<li>Escuela Profesional de Administraci\u00f3n,<\/li>\n<li>Escuela Profesional de Marketing y<\/li>\n<li>Escuela Profesional de Banca y Seguros.<\/li>\n<\/ol>\n<\/li>\n<\/ol>\n<p>Que, en sesi\u00f3n de Consejo Universitario de fecha 30 de diciembre del 2008, se aprob\u00f3 la propuesta de cambio de denominaci\u00f3n de la \u201c Escuela Profesional de Finanzas y Auditoria \u201d por el de \u201c ESCUELA PROFESIONAL DE FINANZAS \u201c de la Facultad de Ciencias Contables y Financieras.<\/p>\n<p>Que, en sesi\u00f3n de Asamblea Universitaria del 10 de diciembre del 2009, se acord\u00f3 aprobar el cambio de denominaci\u00f3n de la \u201c Escuela Profesional de Finanzas y Auditoria\u201d por el de \u201cESCUELA PROFESIONAL DE FINANZAS\u201d, de la Facultad de Ciencias Contables y Financieras de la UNSA.<\/p>\n<p>En fecha 19 de enero del 2010 se aprob\u00f3 el cambio de denominaci\u00f3n de la Escuela Profesional de Finanzas y Auditoria, por el de ESCUELA PROFESIONAL DE FINANZAS de la Facultad de Ciencias Contables y Financieras de la Universidad Nacional de San Agust\u00edn.<\/p>\n","protected":false},"excerpt":{"rendered":"<p>En sesi\u00f3n de Asamblea Universitaria de fecha 11 de enero del 2007, se acord\u00f3 aprobar la supresi\u00f3n de la Facultad de Ciencias Contables y Administrativas y en consecuencia se crean: FACULTAD DE CIENCIAS CONTABLES Y FINANCIERAS, la misma que est\u00e1 integrada por las Escuelas Profesionales: Escuela Profesional de Contabilidad y Escuela Profesional de Finanzas y [&hellip;]<\/p>\n","protected":false},"author":1,"featured_media":1453,"parent":0,"menu_order":0,"comment_status":"closed","ping_status":"closed","template":"page-imagen.php","meta":{"_acf_changed":false,"footnotes":""},"class_list":["post-1170","page","type-page","status-publish","has-post-thumbnail","hentry"],"acf":[],"_links":{"self":[{"href":"https:\/\/fccf.unsa.edu.pe\/finanzas\/wp-json\/wp\/v2\/pages\/1170","targetHints":{"allow":["GET"]}}],"collection":[{"href":"https:\/\/fccf.unsa.edu.pe\/finanzas\/wp-json\/wp\/v2\/pages"}],"about":[{"href":"https:\/\/fccf.unsa.edu.pe\/finanzas\/wp-json\/wp\/v2\/types\/page"}],"author":[{"embeddable":true,"href":"https:\/\/fccf.unsa.edu.pe\/finanzas\/wp-json\/wp\/v2\/users\/1"}],"replies":[{"embeddable":true,"href":"https:\/\/fccf.unsa.edu.pe\/finanzas\/wp-json\/wp\/v2\/comments?post=1170"}],"version-history":[{"count":4,"href":"https:\/\/fccf.unsa.edu.pe\/finanzas\/wp-json\/wp\/v2\/pages\/1170\/revisions"}],"predecessor-version":[{"id":1509,"href":"https:\/\/fccf.unsa.edu.pe\/finanzas\/wp-json\/wp\/v2\/pages\/1170\/revisions\/1509"}],"wp:featuredmedia":[{"embeddable":true,"href":"https:\/\/fccf.unsa.edu.pe\/finanzas\/wp-json\/wp\/v2\/media\/1453"}],"wp:attachment":[{"href":"https:\/\/fccf.unsa.edu.pe\/finanzas\/wp-json\/wp\/v2\/media?parent=1170"}],"curies":[{"name":"wp","href":"https:\/\/api.w.org\/{rel}","templated":true}]}}