{"id":1182,"date":"2018-04-18T22:32:21","date_gmt":"2018-04-18T22:32:21","guid":{"rendered":"https:\/\/fccf.unsa.edu.pe\/contabilidad\/?page_id=1182"},"modified":"2021-10-20T18:41:36","modified_gmt":"2021-10-20T23:41:36","slug":"competencias-especificas-y-de-especialidad","status":"publish","type":"page","link":"https:\/\/fccf.unsa.edu.pe\/contabilidad\/competencias-especificas-y-de-especialidad\/","title":{"rendered":"Competencias espec\u00edficas y de especialidad"},"content":{"rendered":"<ol>\n<li><strong>Estados financieros<\/strong>\n<ol>\n<li>Identifica ampliamente las bases te\u00f3ricas de la Contabilidad en el \u00e1mbito nacional e internacional para su aplicaci\u00f3n en una organizaci\u00f3n, teniendo como base las Normas de Informaci\u00f3n Financiera.<\/li>\n<li>Informa la situaci\u00f3n financiera y los resultados econ\u00f3micos de las empresas para tomar decisiones oportunas y pertinentes que lleven al logro de metas, teniendo como base la informaci\u00f3n econ\u00f3mica y financiera procedente de las distintas fuentes de la empresa.<\/li>\n<li>Interpreta la informaci\u00f3n financiera de cualquier tipo de organizaci\u00f3n para la b\u00fasqueda de alternativas de decisi\u00f3n orientadas a la creaci\u00f3n de valor, considerando el plan estrat\u00e9gico de la empresa<\/li>\n<\/ol>\n<\/li>\n<li><strong>Auditor\u00eda<\/strong>\n<ol>\n<li>Identifica ampliamente las bases te\u00f3ricas y normativas de la Auditor\u00eda para la realizaci\u00f3n del examen de la informaci\u00f3n financiera de la organizaci\u00f3n, teniendo como base las Normas Internacionales de Auditor\u00eda.<\/li>\n<li>Emite opini\u00f3n sobre la situaci\u00f3n financiera de las empresas contenida en los Estados Financieros y sobre los resultados de la gesti\u00f3n y la estructura del control interno, considerando los principios \u00e9ticos y altos est\u00e1ndares de calidad profesional.<\/li>\n<\/ol>\n<\/li>\n<li><strong>Tributaci\u00f3n<\/strong>\n<ol>\n<li>Identifica el sistema fiscal y el derecho tributario para su aplicaci\u00f3n en las diferentes obligaciones tributarias, teniendo en cuenta el C\u00f3digo Tributario, el Impuesto a la Renta y dem\u00e1s normas reglamentarias aplicadas a las empresas<\/li>\n<li>Aplica las t\u00e9cnicas impositivas en el control y liquidaci\u00f3n de tributos para el adecuado cumplimiento, control y seguimiento de las obligaciones tributarias, siguiendo la Normatividad tributaria pertinente<\/li>\n<li>Realiza el diagn\u00f3stico fiscal y planeamiento tributario de la entidad para evitar contingencias y un adecuado uso de los recursos, siguiendo criterios de optimizaci\u00f3n y resultados.<\/li>\n<\/ol>\n<\/li>\n<li><strong>Costos y presupuestos<\/strong>\n<ol>\n<li>Identifica ampliamente las bases te\u00f3ricas de la contabilidad de costos y de gesti\u00f3n para su aplicaci\u00f3n en una organizaci\u00f3n, teniendo como base los procesos organizacionales de la empresa.<\/li>\n<li>Determina, contabiliza y eval\u00faa los costos empresariales fijando alternativas para la mejor toma de decisiones, Considerando los diferentes sistemas y m\u00e9todos de costeo.<\/li>\n<li>Controla los presupuestos operativos y financieros de una organizaci\u00f3n para el uso estrat\u00e9gico de los recursos, considerando como base el plan estrat\u00e9gico de la organizaci\u00f3n<\/li>\n<\/ol>\n<\/li>\n<li><strong>Finanzas<\/strong>\n<ol>\n<li>Identifica el funcionamiento de los sistemas, las herramientas y los mercados financieros nacionales e internacionales para la toma de decisiones, considerando el valor del dinero en el tiempo.<\/li>\n<li>Establece la estructura \u00f3ptima de inversi\u00f3n y financiamiento para la empresa y la adecuada administraci\u00f3n del riesgo financiero, tomando en cuenta las oportunidades de negocio y las diferentes fuentes de financiamiento.<\/li>\n<li>Gestiona con eficiencia el capital de trabajo as\u00ed como las decisiones de inversi\u00f3n para maximizar en valor de la empresa considerando las expectativas del inversionista<\/li>\n<\/ol>\n<\/li>\n<\/ol>\n","protected":false},"excerpt":{"rendered":"<p>Estados financieros Identifica ampliamente las bases te\u00f3ricas de la Contabilidad en el \u00e1mbito nacional e internacional para su aplicaci\u00f3n en una organizaci\u00f3n, teniendo como base las Normas de Informaci\u00f3n Financiera. Informa la situaci\u00f3n financiera y los resultados econ\u00f3micos de las empresas para tomar decisiones oportunas y pertinentes que lleven al logro de metas, teniendo como [&hellip;]<\/p>\n","protected":false},"author":1,"featured_media":1529,"parent":0,"menu_order":0,"comment_status":"closed","ping_status":"closed","template":"page-imagen.php","meta":{"_acf_changed":false,"footnotes":""},"class_list":["post-1182","page","type-page","status-publish","has-post-thumbnail","hentry"],"acf":[],"_links":{"self":[{"href":"https:\/\/fccf.unsa.edu.pe\/contabilidad\/wp-json\/wp\/v2\/pages\/1182","targetHints":{"allow":["GET"]}}],"collection":[{"href":"https:\/\/fccf.unsa.edu.pe\/contabilidad\/wp-json\/wp\/v2\/pages"}],"about":[{"href":"https:\/\/fccf.unsa.edu.pe\/contabilidad\/wp-json\/wp\/v2\/types\/page"}],"author":[{"embeddable":true,"href":"https:\/\/fccf.unsa.edu.pe\/contabilidad\/wp-json\/wp\/v2\/users\/1"}],"replies":[{"embeddable":true,"href":"https:\/\/fccf.unsa.edu.pe\/contabilidad\/wp-json\/wp\/v2\/comments?post=1182"}],"version-history":[{"count":4,"href":"https:\/\/fccf.unsa.edu.pe\/contabilidad\/wp-json\/wp\/v2\/pages\/1182\/revisions"}],"predecessor-version":[{"id":1445,"href":"https:\/\/fccf.unsa.edu.pe\/contabilidad\/wp-json\/wp\/v2\/pages\/1182\/revisions\/1445"}],"wp:featuredmedia":[{"embeddable":true,"href":"https:\/\/fccf.unsa.edu.pe\/contabilidad\/wp-json\/wp\/v2\/media\/1529"}],"wp:attachment":[{"href":"https:\/\/fccf.unsa.edu.pe\/contabilidad\/wp-json\/wp\/v2\/media?parent=1182"}],"curies":[{"name":"wp","href":"https:\/\/api.w.org\/{rel}","templated":true}]}}