{"id":1178,"date":"2018-04-18T22:25:04","date_gmt":"2018-04-18T22:25:04","guid":{"rendered":"https:\/\/fccf.unsa.edu.pe\/contabilidad\/?page_id=1178"},"modified":"2021-10-20T11:27:47","modified_gmt":"2021-10-20T16:27:47","slug":"campo-ocupacional","status":"publish","type":"page","link":"https:\/\/fccf.unsa.edu.pe\/contabilidad\/campo-ocupacional\/","title":{"rendered":"Campo Ocupacional"},"content":{"rendered":"<ul>\n<li>Empresas p\u00fablicas, privadas, nacionales o internacionales<\/li>\n<li>Empresas grandes, Pymes, ONG`s<\/li>\n<li>Emprendimientos propios<\/li>\n<li>En tareas de Consultor\u00eda y Auditor\u00eda en las \u00e1reas de Administraci\u00f3n de Impuestos, Procedimiento Tributario-Laboral, Contabilidad, Sistemas de Informaci\u00f3n, Finanzas, Administraci\u00f3n de Recursos Humanos y Producci\u00f3n<\/li>\n<li>En equipos interdisciplinarios de investigaci\u00f3n en relaci\u00f3n a temas de contralor, administrativos y otros afines<\/li>\n<li>En funciones directivas y de conducci\u00f3n de equipos de trabajo<\/li>\n<\/ul>\n","protected":false},"excerpt":{"rendered":"<p>Empresas p\u00fablicas, privadas, nacionales o internacionales Empresas grandes, Pymes, ONG`s Emprendimientos propios En tareas de Consultor\u00eda y Auditor\u00eda en las \u00e1reas de Administraci\u00f3n de Impuestos, Procedimiento Tributario-Laboral, Contabilidad, Sistemas de Informaci\u00f3n, Finanzas, Administraci\u00f3n de Recursos Humanos y Producci\u00f3n En equipos interdisciplinarios de investigaci\u00f3n en relaci\u00f3n a temas de contralor, administrativos y otros afines En funciones [&hellip;]<\/p>\n","protected":false},"author":1,"featured_media":1529,"parent":0,"menu_order":0,"comment_status":"closed","ping_status":"closed","template":"","meta":{"_acf_changed":false,"footnotes":""},"class_list":["post-1178","page","type-page","status-publish","has-post-thumbnail","hentry"],"acf":[],"_links":{"self":[{"href":"https:\/\/fccf.unsa.edu.pe\/contabilidad\/wp-json\/wp\/v2\/pages\/1178","targetHints":{"allow":["GET"]}}],"collection":[{"href":"https:\/\/fccf.unsa.edu.pe\/contabilidad\/wp-json\/wp\/v2\/pages"}],"about":[{"href":"https:\/\/fccf.unsa.edu.pe\/contabilidad\/wp-json\/wp\/v2\/types\/page"}],"author":[{"embeddable":true,"href":"https:\/\/fccf.unsa.edu.pe\/contabilidad\/wp-json\/wp\/v2\/users\/1"}],"replies":[{"embeddable":true,"href":"https:\/\/fccf.unsa.edu.pe\/contabilidad\/wp-json\/wp\/v2\/comments?post=1178"}],"version-history":[{"count":1,"href":"https:\/\/fccf.unsa.edu.pe\/contabilidad\/wp-json\/wp\/v2\/pages\/1178\/revisions"}],"predecessor-version":[{"id":1179,"href":"https:\/\/fccf.unsa.edu.pe\/contabilidad\/wp-json\/wp\/v2\/pages\/1178\/revisions\/1179"}],"wp:featuredmedia":[{"embeddable":true,"href":"https:\/\/fccf.unsa.edu.pe\/contabilidad\/wp-json\/wp\/v2\/media\/1529"}],"wp:attachment":[{"href":"https:\/\/fccf.unsa.edu.pe\/contabilidad\/wp-json\/wp\/v2\/media?parent=1178"}],"curies":[{"name":"wp","href":"https:\/\/api.w.org\/{rel}","templated":true}]}}